{"id":150,"date":"2026-03-17T03:21:36","date_gmt":"2026-03-17T03:21:36","guid":{"rendered":"https:\/\/www.kivatalkkari.fi\/?page_id=150"},"modified":"2026-03-17T03:54:16","modified_gmt":"2026-03-17T03:54:16","slug":"renkaanvaihto-lahti","status":"publish","type":"page","link":"https:\/\/www.kivatalkkari.fi\/index.php\/renkaanvaihto-lahti\/","title":{"rendered":"Renkaanvaihto Lahti"},"content":{"rendered":"\n<figure class=\"wp-block-image size-full\"><img loading=\"lazy\" decoding=\"async\" width=\"960\" height=\"691\" src=\"https:\/\/www.kivatalkkari.fi\/wp-content\/uploads\/2026\/03\/5054.jpg\" alt=\"\" class=\"wp-image-151\" srcset=\"https:\/\/www.kivatalkkari.fi\/wp-content\/uploads\/2026\/03\/5054.jpg 960w, https:\/\/www.kivatalkkari.fi\/wp-content\/uploads\/2026\/03\/5054-300x216.jpg 300w, https:\/\/www.kivatalkkari.fi\/wp-content\/uploads\/2026\/03\/5054-768x553.jpg 768w\" sizes=\"auto, (max-width: 960px) 100vw, 960px\" \/><\/figure>\n\n\n\n<h2 class=\"wp-block-heading\">Renkaanvaihto kotipihassa<\/h2>\n\n\n\n<p><strong>Kes\u00e4renkaiden vaihto auton alle hoituu helposti ja turvallisesti. Kivatalkkari vaihtaa autosi renkaat kotipihassasi. Vaihdon yhteydess\u00e4 tarkastetaan renkaiden kunto, puhdistetaan navat ja pultit, laitetaan rengaspaineet kohdilleen ja tarvittaessa pest\u00e4\u00e4n renkaat. <\/strong><\/p>\n\n\n\n<p><strong>Renkaanvaihdon hinta on 35 euroa ja pesu 10 euroa. Jos useampi auto samassa pihassa, vaihdon hinta on 25 euroa. Pulttien j\u00e4lkikiristys tehd\u00e4\u00e4n veloituksetta.<\/strong><\/p>\n\n\n\n<p><strong>Ty\u00f6 on vastuuvakuutettu.<\/strong> <strong>Auton paino max 3000 kg<\/strong><\/p>\n\n\n\n<p><strong>Tilaa helppo, luotettava ja ammattitaitoinen renkaanvaihto Kivatalkkarilta!<\/strong><\/p>\n\n\n\n<p><strong>0505579572<\/strong><\/p>\n\n\n\n<p><\/p>\n","protected":false},"excerpt":{"rendered":"<p>Renkaanvaihto kotipihassa Kes\u00e4renkaiden vaihto auton alle hoituu helposti ja turvallisesti. Kivatalkkari vaihtaa autosi renkaat kotipihassasi. Vaihdon yhteydess\u00e4 tarkastetaan renkaiden kunto, puhdistetaan navat ja pultit, laitetaan rengaspaineet kohdilleen ja tarvittaessa pest\u00e4\u00e4n renkaat. Renkaanvaihdon hinta on 35 euroa ja pesu 10 euroa. Jos useampi auto samassa pihassa, vaihdon hinta on 25 euroa. Pulttien j\u00e4lkikiristys tehd\u00e4\u00e4n veloituksetta. Ty\u00f6 [&hellip;]<\/p>\n","protected":false},"author":1,"featured_media":0,"parent":0,"menu_order":0,"comment_status":"closed","ping_status":"closed","template":"","meta":{"footnotes":""},"class_list":["post-150","page","type-page","status-publish","hentry"],"_links":{"self":[{"href":"https:\/\/www.kivatalkkari.fi\/index.php\/wp-json\/wp\/v2\/pages\/150","targetHints":{"allow":["GET"]}}],"collection":[{"href":"https:\/\/www.kivatalkkari.fi\/index.php\/wp-json\/wp\/v2\/pages"}],"about":[{"href":"https:\/\/www.kivatalkkari.fi\/index.php\/wp-json\/wp\/v2\/types\/page"}],"author":[{"embeddable":true,"href":"https:\/\/www.kivatalkkari.fi\/index.php\/wp-json\/wp\/v2\/users\/1"}],"replies":[{"embeddable":true,"href":"https:\/\/www.kivatalkkari.fi\/index.php\/wp-json\/wp\/v2\/comments?post=150"}],"version-history":[{"count":7,"href":"https:\/\/www.kivatalkkari.fi\/index.php\/wp-json\/wp\/v2\/pages\/150\/revisions"}],"predecessor-version":[{"id":163,"href":"https:\/\/www.kivatalkkari.fi\/index.php\/wp-json\/wp\/v2\/pages\/150\/revisions\/163"}],"wp:attachment":[{"href":"https:\/\/www.kivatalkkari.fi\/index.php\/wp-json\/wp\/v2\/media?parent=150"}],"curies":[{"name":"wp","href":"https:\/\/api.w.org\/{rel}","templated":true}]}}