{"id":140,"date":"2026-02-17T11:45:35","date_gmt":"2026-02-17T11:45:35","guid":{"rendered":"https:\/\/www.kivatalkkari.fi\/?page_id=140"},"modified":"2026-02-17T11:54:49","modified_gmt":"2026-02-17T11:54:49","slug":"lumityot","status":"publish","type":"page","link":"https:\/\/www.kivatalkkari.fi\/index.php\/lumityot\/","title":{"rendered":"Lumity\u00f6t Lahti"},"content":{"rendered":"\n<figure class=\"wp-block-image size-large\"><img loading=\"lazy\" decoding=\"async\" width=\"1024\" height=\"1024\" src=\"https:\/\/www.kivatalkkari.fi\/wp-content\/uploads\/2026\/02\/4271-1024x1024.jpg\" alt=\"\" class=\"wp-image-142\" srcset=\"https:\/\/www.kivatalkkari.fi\/wp-content\/uploads\/2026\/02\/4271-1024x1024.jpg 1024w, https:\/\/www.kivatalkkari.fi\/wp-content\/uploads\/2026\/02\/4271-300x300.jpg 300w, https:\/\/www.kivatalkkari.fi\/wp-content\/uploads\/2026\/02\/4271-150x150.jpg 150w, https:\/\/www.kivatalkkari.fi\/wp-content\/uploads\/2026\/02\/4271-768x768.jpg 768w, https:\/\/www.kivatalkkari.fi\/wp-content\/uploads\/2026\/02\/4271-1536x1536.jpg 1536w, https:\/\/www.kivatalkkari.fi\/wp-content\/uploads\/2026\/02\/4271-2048x2048.jpg 2048w\" sizes=\"auto, (max-width: 1024px) 100vw, 1024px\" \/><\/figure>\n\n\n\n<p><strong>Kivatalkkari tekee lumity\u00f6t puolestasi, kun et itse pysty tai ehdi. Ripe\u00e4sti ja huolellisesti hoituu pihojen lumity\u00f6t kolalla ja lapiolla, portaiden ja kuistien harjaukset, sek\u00e4 kulkuv\u00e4ylien hiekoitus.<\/strong><\/p>\n\n\n\n<p><strong>Kivatalkkari tulee tarvittaessa nopeastikin avuksesi, jos muut ty\u00f6t sen sallivat. Lumit\u00f6iden hinta on 35 euroa tunnilta tai sovitaan kiinte\u00e4 urakkahinta.<\/strong> <strong>Lahden kaupunkialueen ulkopuolelle matkakorvaus 0,70 e\/km.<\/strong> <strong>Mahdollisuus kotitalousv\u00e4hennykseen<\/strong>.<\/p>\n\n\n\n<p><strong>Pyyd\u00e4 Kivatalkkari avuksesi soittamalla tai viestill\u00e4:<\/strong><\/p>\n\n\n\n<p><strong>0505579572<\/strong><\/p>\n\n\n\n<p><\/p>\n","protected":false},"excerpt":{"rendered":"<p>Kivatalkkari tekee lumity\u00f6t puolestasi, kun et itse pysty tai ehdi. Ripe\u00e4sti ja huolellisesti hoituu pihojen lumity\u00f6t kolalla ja lapiolla, portaiden ja kuistien harjaukset, sek\u00e4 kulkuv\u00e4ylien hiekoitus. Kivatalkkari tulee tarvittaessa nopeastikin avuksesi, jos muut ty\u00f6t sen sallivat. Lumit\u00f6iden hinta on 35 euroa tunnilta tai sovitaan kiinte\u00e4 urakkahinta. Lahden kaupunkialueen ulkopuolelle matkakorvaus 0,70 e\/km. Mahdollisuus kotitalousv\u00e4hennykseen. Pyyd\u00e4 [&hellip;]<\/p>\n","protected":false},"author":1,"featured_media":0,"parent":0,"menu_order":0,"comment_status":"closed","ping_status":"closed","template":"","meta":{"footnotes":""},"class_list":["post-140","page","type-page","status-publish","hentry"],"_links":{"self":[{"href":"https:\/\/www.kivatalkkari.fi\/index.php\/wp-json\/wp\/v2\/pages\/140","targetHints":{"allow":["GET"]}}],"collection":[{"href":"https:\/\/www.kivatalkkari.fi\/index.php\/wp-json\/wp\/v2\/pages"}],"about":[{"href":"https:\/\/www.kivatalkkari.fi\/index.php\/wp-json\/wp\/v2\/types\/page"}],"author":[{"embeddable":true,"href":"https:\/\/www.kivatalkkari.fi\/index.php\/wp-json\/wp\/v2\/users\/1"}],"replies":[{"embeddable":true,"href":"https:\/\/www.kivatalkkari.fi\/index.php\/wp-json\/wp\/v2\/comments?post=140"}],"version-history":[{"count":5,"href":"https:\/\/www.kivatalkkari.fi\/index.php\/wp-json\/wp\/v2\/pages\/140\/revisions"}],"predecessor-version":[{"id":147,"href":"https:\/\/www.kivatalkkari.fi\/index.php\/wp-json\/wp\/v2\/pages\/140\/revisions\/147"}],"wp:attachment":[{"href":"https:\/\/www.kivatalkkari.fi\/index.php\/wp-json\/wp\/v2\/media?parent=140"}],"curies":[{"name":"wp","href":"https:\/\/api.w.org\/{rel}","templated":true}]}}